{"id":233,"date":"2025-06-25T11:46:10","date_gmt":"2025-06-25T04:46:10","guid":{"rendered":"https:\/\/chamzet.wordpress.com\/?page_id=233"},"modified":"2025-07-24T03:50:03","modified_gmt":"2025-07-24T03:50:03","slug":"cham-hz","status":"publish","type":"page","link":"https:\/\/www.chamz.fun\/?page_id=233","title":{"rendered":"Ch\u1ea1m Hz"},"content":{"rendered":"\n<div class=\"wp-block-group is-nowrap is-layout-flex wp-container-core-group-is-layout-6c531013 wp-block-group-is-layout-flex\">\n<figure class=\"wp-block-image size-full is-resized\"><img loading=\"lazy\" decoding=\"async\" width=\"512\" height=\"512\" src=\"https:\/\/www.chamz.fun\/wp-content\/uploads\/2025\/07\/cropped-z6756289073537_1be9053cfba62626c25dc70a844226d5.jpg\" alt=\"\" class=\"wp-image-793\" style=\"width:168px;height:auto\" srcset=\"https:\/\/www.chamz.fun\/wp-content\/uploads\/2025\/07\/cropped-z6756289073537_1be9053cfba62626c25dc70a844226d5.jpg 512w, https:\/\/www.chamz.fun\/wp-content\/uploads\/2025\/07\/cropped-z6756289073537_1be9053cfba62626c25dc70a844226d5-300x300.jpg 300w, https:\/\/www.chamz.fun\/wp-content\/uploads\/2025\/07\/cropped-z6756289073537_1be9053cfba62626c25dc70a844226d5-150x150.jpg 150w, https:\/\/www.chamz.fun\/wp-content\/uploads\/2025\/07\/cropped-z6756289073537_1be9053cfba62626c25dc70a844226d5-270x270.jpg 270w, https:\/\/www.chamz.fun\/wp-content\/uploads\/2025\/07\/cropped-z6756289073537_1be9053cfba62626c25dc70a844226d5-192x192.jpg 192w, https:\/\/www.chamz.fun\/wp-content\/uploads\/2025\/07\/cropped-z6756289073537_1be9053cfba62626c25dc70a844226d5-180x180.jpg 180w, https:\/\/www.chamz.fun\/wp-content\/uploads\/2025\/07\/cropped-z6756289073537_1be9053cfba62626c25dc70a844226d5-32x32.jpg 32w\" sizes=\"auto, (max-width: 512px) 100vw, 512px\" \/><\/figure>\n\n\n<div class=\"free align wp-block-b-blocks-qr-code\" id='bBlocksQRCode-1'>\n\t<style>#bBlocksQRCode-1 .bBlocksQRCode{ text-align: left; }<\/style>\n\n\t<div class='bBlocksQRCode'>\n\t\t<img src='https:\/\/api.qrserver.com\/v1\/create-qr-code\/?size=143x143&#038;color=000&#038;bgcolor=fff&#038;ecc=L&#038;qzone=1&#038;data=https:\/\/open.spotify.com\/show\/3OIf129mbIQGqf2l1CP1b6' alt='https:\/\/open.spotify.com\/show\/3OIf129mbIQGqf2l1CP1b6' \/>\n\t<\/div>\n<\/div><\/div>\n\n\n\n<figure class=\"wp-block-embed alignwide is-type-rich is-provider-spotify wp-block-embed-spotify wp-embed-aspect-21-9 wp-has-aspect-ratio\"><div class=\"wp-block-embed__wrapper\">\n<iframe title=\"Spotify Embed: UP - H\u00e0nh tr\u00ecnh bu\u00f4ng b\u1ecf &amp; m\u1edf l\u00f2ng\" style=\"border-radius: 12px\" width=\"100%\" height=\"152\" frameborder=\"0\" allowfullscreen allow=\"autoplay; clipboard-write; encrypted-media; fullscreen; picture-in-picture\" loading=\"lazy\" src=\"https:\/\/open.spotify.com\/embed\/episode\/3pb4Gjzr9seMOlSJsIqxRR?si=7bJM3cEOTNWILeLOjtj8yw&#038;utm_source=oembed\"><\/iframe>\n<\/div><\/figure>\n\n\n\n<figure class=\"wp-block-embed is-type-rich is-provider-spotify wp-block-embed-spotify wp-embed-aspect-21-9 wp-has-aspect-ratio\"><div class=\"wp-block-embed__wrapper\">\n<iframe title=\"Spotify Embed: Khi cu\u1ed9c s\u1ed1ng b\u1ecb k\u1eb9t l\u1ea1i - L\u00e0m g\u00ec khi kh\u00f4ng bi\u1ebft ph\u1ea3i l\u00e0m g\u00ec?\" style=\"border-radius: 12px\" width=\"100%\" height=\"152\" frameborder=\"0\" allowfullscreen allow=\"autoplay; clipboard-write; encrypted-media; fullscreen; picture-in-picture\" loading=\"lazy\" src=\"https:\/\/open.spotify.com\/embed\/episode\/5cxmS0vEyMa9aqS2jD8zGt?si=m1iJBdfGTGaUrdmiWLXGBw&#038;utm_source=oembed\"><\/iframe>\n<\/div><\/figure>\n\n\n\n<figure class=\"wp-block-embed is-type-rich is-provider-spotify wp-block-embed-spotify wp-embed-aspect-21-9 wp-has-aspect-ratio\"><div class=\"wp-block-embed__wrapper\">\n<iframe title=\"Spotify Embed: G\u1eedi b\u1ea1n - Ng\u01b0\u1eddi \u0111ang b\u01b0\u1edbc tr\u00ean h\u00e0nh tr\u00ecnh c\u1ee7a ri\u00eang m\u00ecnh\" style=\"border-radius: 12px\" width=\"100%\" height=\"152\" frameborder=\"0\" allowfullscreen allow=\"autoplay; clipboard-write; encrypted-media; fullscreen; picture-in-picture\" loading=\"lazy\" src=\"https:\/\/open.spotify.com\/embed\/episode\/5rGM0QU1ei7c7idp4feqg5?si=5fa1245dc6e44df4&#038;utm_source=oembed\"><\/iframe>\n<\/div><\/figure>\n\n\n\n<figure class=\"wp-block-embed is-type-rich is-provider-spotify wp-block-embed-spotify wp-embed-aspect-21-9 wp-has-aspect-ratio\"><div class=\"wp-block-embed__wrapper\">\n<iframe title=\"Spotify Embed: B\u00ecnh th\u01b0\u1eddng th\u00f4i c\u0169ng \u0111\u01b0\u1ee3c m\u00e0\" style=\"border-radius: 12px\" width=\"100%\" height=\"152\" frameborder=\"0\" allowfullscreen allow=\"autoplay; clipboard-write; encrypted-media; fullscreen; picture-in-picture\" loading=\"lazy\" src=\"https:\/\/open.spotify.com\/embed\/episode\/72jn7MbRgo2jsobDCHmYMT?si=f84516ded67f4ce0&#038;utm_source=oembed\"><\/iframe>\n<\/div><\/figure>\n\n\n\n<h2 class=\"wp-block-heading has-large-font-size\">XEM TH\u00caM<\/h2>\n\n\n\n<figure class=\"wp-block-embed alignwide is-type-rich is-provider-spotify wp-block-embed-spotify wp-embed-aspect-21-9 wp-has-aspect-ratio\"><div class=\"wp-block-embed__wrapper\">\n<iframe title=\"Spotify Embed: Nh\u1eefng \u0111\u1ee9a tr\u1ebb c\u1ea7n \u0111\u01b0\u1ee3c v\u1ed7 v\u1ec1 | Radio #32 | &quot;l\u00e1 th\u01b0 kh\u00f4ng g\u1eedi&quot;\" style=\"border-radius: 12px\" width=\"100%\" height=\"152\" frameborder=\"0\" allowfullscreen allow=\"autoplay; clipboard-write; encrypted-media; fullscreen; picture-in-picture\" loading=\"lazy\" src=\"https:\/\/open.spotify.com\/embed\/episode\/4FsVkfw4VLAPM5oeRpG7Id?si=4R_XdmlTTAOtOvdxpoRzjw&#038;utm_source=oembed\"><\/iframe>\n<\/div><\/figure>\n\n\n\n<figure class=\"wp-block-embed alignwide is-type-rich is-provider-spotify wp-block-embed-spotify wp-embed-aspect-21-9 wp-has-aspect-ratio\"><div class=\"wp-block-embed__wrapper\">\n<iframe title=\"Spotify Embed: S\u00e1ch n\u00f3i B\u1ea3y B\u01b0\u1edbc T\u1edbi M\u00f9a H\u00e8 - Nguy\u1ec5n Nh\u1eadt \u00c1nh | Voiz FM\" style=\"border-radius: 12px\" width=\"100%\" height=\"152\" frameborder=\"0\" allowfullscreen allow=\"autoplay; clipboard-write; encrypted-media; fullscreen; picture-in-picture\" loading=\"lazy\" src=\"https:\/\/open.spotify.com\/embed\/episode\/4M9nlOEw69r4k18uE18tgh?si=xvq0oQW0TOedHAE1hDDB7w&#038;utm_source=oembed\"><\/iframe>\n<\/div><\/figure>\n\n\n\n<figure class=\"wp-block-embed alignwide is-type-rich is-provider-spotify wp-block-embed-spotify wp-embed-aspect-21-9 wp-has-aspect-ratio\"><div class=\"wp-block-embed__wrapper\">\n<iframe title=\"Spotify Embed: The Inner Child - Chapter 4: Chuy\u1ec3n h\u00f3a - Th\u1ea7y Minh Ni\u1ec7m, Th\u00f9y Minh\" style=\"border-radius: 12px\" width=\"100%\" height=\"152\" frameborder=\"0\" allowfullscreen allow=\"autoplay; clipboard-write; encrypted-media; fullscreen; picture-in-picture\" loading=\"lazy\" src=\"https:\/\/open.spotify.com\/embed\/episode\/6yGg2W4QDWhNYdDfincr9R?si=-b3AuzRdSlaFDyfrf5r0eQ&#038;utm_source=oembed\"><\/iframe>\n<\/div><\/figure>\n\n\n\n<figure class=\"wp-block-embed alignwide is-type-rich is-provider-spotify wp-block-embed-spotify wp-embed-aspect-21-9 wp-has-aspect-ratio\"><div class=\"wp-block-embed__wrapper\">\n<iframe title=\"Spotify Embed: Ho\u00e0ng D\u0169ng: H\u1ecdc c\u00e1ch ph\u00e1t tri\u1ec3n b\u1ea3n th\u00e2n m\u00e0 kh\u00f4ng r\u1eddi xa T\u00c2M m\u00ecnh - Have A Sip #226\" style=\"border-radius: 12px\" width=\"100%\" height=\"152\" frameborder=\"0\" allowfullscreen allow=\"autoplay; clipboard-write; encrypted-media; fullscreen; picture-in-picture\" loading=\"lazy\" src=\"https:\/\/open.spotify.com\/embed\/episode\/2VmpCv7KZCQ2mUR1loSKOV?si=ZAvcxge_S4e12BnjfaRJ2A&#038;utm_source=oembed\"><\/iframe>\n<\/div><\/figure>\n","protected":false},"excerpt":{"rendered":"<p>XEM TH\u00caM<\/p>\n","protected":false},"author":1,"featured_media":0,"parent":0,"menu_order":0,"comment_status":"closed","ping_status":"closed","template":"","meta":{"footnotes":""},"class_list":["post-233","page","type-page","status-publish","hentry"],"featured_image_url":[],"post_author":"Oanh Nguyen","assigned_categories":"","_links":{"self":[{"href":"https:\/\/www.chamz.fun\/index.php?rest_route=\/wp\/v2\/pages\/233","targetHints":{"allow":["GET"]}}],"collection":[{"href":"https:\/\/www.chamz.fun\/index.php?rest_route=\/wp\/v2\/pages"}],"about":[{"href":"https:\/\/www.chamz.fun\/index.php?rest_route=\/wp\/v2\/types\/page"}],"author":[{"embeddable":true,"href":"https:\/\/www.chamz.fun\/index.php?rest_route=\/wp\/v2\/users\/1"}],"replies":[{"embeddable":true,"href":"https:\/\/www.chamz.fun\/index.php?rest_route=%2Fwp%2Fv2%2Fcomments&post=233"}],"version-history":[{"count":0,"href":"https:\/\/www.chamz.fun\/index.php?rest_route=\/wp\/v2\/pages\/233\/revisions"}],"wp:attachment":[{"href":"https:\/\/www.chamz.fun\/index.php?rest_route=%2Fwp%2Fv2%2Fmedia&parent=233"}],"curies":[{"name":"wp","href":"https:\/\/api.w.org\/{rel}","templated":true}]}}